site?
True
Is 2059323527 composite?
True
Is 876232117 composite?
False
Is 442609639 composite?
True
Is 1399288837 a composite number?
False
Is 2360812403 a prime number?
True
Is 261557017 prime?
False
Is 3178602187 a prime number?
True
Is 40348840151 a prime number?
True
Is 433562039 composite?
False
Is 153717983 prime?
True
Is 4072593979 a prime number?
True
Is 2128628321 a prime number?
False
Is 61190494963 composite?
True
Is 15722565821 a composite number?
True
Is 5948279471 a composite number?
True
Is 16657104943 a prime number?
True
Is 6102171485 a prime number?
False
Is 232000923437 a prime number?
True
Is 9003448799 a prime number?
True
Is 2286305209 a prime number?
True
Is 6054341713 composite?
True
Is 92605692929 a prime number?
True
Is 24666559559 composite?
False
Is 9424918639 prime?
False
Is 405143728285 prime?
False
Is 51438239947 composite?
True
Is 43257938287 a prime number?
True
Is 296522563 composite?
True
Is 75564223601 a composite number?
False
Is 53483167347 a prime number?
False
Is 1415828671 a composite number?
False
Is 5916756949 a composite number?
False
Is 1022769889 a composite number?
False
Is 46713656077 composite?
True
Is 272337349 composite?
False
Is 549520127 prime?
False
Is 67600649363 composite?
True
Is 412617923 prime?
False
Is 4451365601 a prime number?
False
Is 42993679 composite?
True
Is 1318768601 composite?
False
Is 258374587 a prime number?
False
Is 3090585559 a prime number?
True
Is 8293606183 a composite number?
True
Is 4644724849 composite?
True
Is 7991371571 a prime number?
True
Is 4012147109 composite?
False
Is 14091432739 composite?
False
Is 2248104511 prime?
True
Is 8593236539 a composite number?
True
Is 123729461 composite?
True
Is 906824777 composite?
False
Is 1095291607 composite?
False
Is 515603617 composite?
True
Is 51369154769 prime?
True
Is 230711779 prime?
False
Is 74648801089 composite?
True
Is 26344068733 composite?
False
Is 10879827809 composite?
False
Is 31948739 composite?
False
Is 3141214493 a prime number?
False
Is 1243961557 a composite number?
False
Is 4739753341 a prime number?
True
Is 12579648283 a prime number?
True
Is 15169313603 prime?
True
Is 18274396009 a composite number?
False
Is 1948147231 prime?
True
Is 867688883 composite?
False
Is 3186658781 a prime number?
False
Is 33342635327 prime?
True
Is 607023827 prime?
True
Is 189032161 a prime number?
True
Is 2958530203 composite?
True
Is 3734151349 composite?
True
Is 2961733967 a prime number?
True
Is 729405589 a prime number?
False
Is 2578407769 composite?
True
Is 1970046905 composite?
True
Is 81199919587 composite?
False
Is 117578914487 a composite number?
False
Is 9049081511 a composite number?
True
Is 413020721 a prime number?
True
Is 460362649 a composite number?
False
Is 7449591239 prime?
True
Is 23447393457 a composite number?
True
Is 99278548429 a composite number?
True
Is 924579749 prime?
False
Is 128919521119 prime?
False
Is 1228045549 a composite number?
False
Is 1516602601 a composite number?
False
Is 15138286991 prime?
False
Is 6186347407 prime?
False
Is 2636559043 a prime number?
True
Is 40508673277 a prime number?
True
Is 35009437195 prime?
False
Is 25161664519 a prime number?
False
Is 67724289559 prime?
True
Is 1843764089 a prime number?
False
Is 1118138719 composite?
False
Is 7078424327 a composite number?
True
Is 99458241 a composite number?
True
Is 1535952109 a prime number?
False
Is 1948367098 prime?
False
Is 797978803 a composite number?
False
Is 2102228371 a prime number?
False
Is 690855199 a composite number?
False
Is 302094389 prime?
False
Is 264817909 a composite number?
False
Is 34723829521 composite?
False
Is 6386315399 a composite number?
False
Is 105792541 a composite number?
True
Is 155226116567 a composite number?
True
Is 698474507 prime?
False
Is 15015520799 a composite number?
False
Is 1478630459 composite?
False
Is 1157373859 composite?
True
Is 3207544013 composite?
False
Is 1958241361 a prime number?
False
Is 1261566157 a composite number?
False
Is 20703408459 a composite number?
True
Is 10903359221 composite?
False
Is 359094863 a prime number?
True
Is 21906323293 a composite number?
True
Is 42339824203 a composite number?
False
Is 1922541793 prime?
False
Is 4145500393 a prime number?
False
Is 3349000559 a composite number?
False
Is 569183711 prime?
False
Is 223286089 a composite number?
True
Is 797429401 prime?
False
Is 2730250118 composite?
True
Is 4630854262 composite?
True
Is 959764987 a prime number?
True
Is 2717499217 a prime number?
True
Is 760416283 composite?
True
Is 231058936819 composite?
False
Is 367585535 a prime number?
False
Is 45229957 prime?
True
Is 3726761803 a prime number?
True
Is 16980241051 prime?
True
Is 1919868589 composite?
False
Is 21657583273 prime?
False
Is 5885774087 a composite number?
True
Is 591669437 a composite number?
False
Is 41991789831 prime?
False
Is 33494441 a prime number?
False
Is 13109889997 composite?
False
Is 881147303 prime?
False
Is 14803334263 prime?
False
Is 60504281483 composite?
False
Is 67849412749 composite?
False
Is 23170007153 prime?
True
Is 5661759107 a prime number?
True
Is 1207332407 a composite number?
True
Is 9111461897 a prime number?
True
Is 27263701 prime?
True
Is 1043187979 composite?
True
Is 6280852931 a composite number?
False
Is 23997115189 a prime number?
True
Is 244683221515 a composite number?
True
Is 1323117137 a prime number?
True
Is 13076190731 composite?
False
Is 357693233 a prime number?
True
Is 212046407 composite?
True
Is 76416464711 a composite number?
True
Is 1069973633 composite?
False
Is 115433579653 composite?
True
Is 68724552599 prime?
False
Is 27360164423 composite?
True
Is 7326264369 composite?
True
Is 13427115517 prime?
True
Is 32851403947 a composite number?
True
Is 88602521107 a prime number?
False
Is 63985504019 a composite number?
False
Is 999822605 a prime number?
False
Is 27839628673 a composite number?
False
Is 4451360471 prime?
True
Is 2548987867 composite?
False
Is 3235412803 composite?
True
Is 54881317 prime?
True
Is 47604128281 a prime number?
True
Is 9967563077 composite?
True
Is 7607271389 prime?
False
Is 11056872751 a composite number?
False
Is 814107377 a composite number?
False
Is 137518567 a composite number?
False
Is 37551695021 a prime number?
True
Is 37939162099 composite?
False
Is 19717534619 composite?
True
Is 4035132557 composite?
False
Is 8098915366 a prime number?
False
Is 87437814571 a prime number?
True
Is 5227068377 a composite number?
True
Is 5853297839 composite?
False
Is 2584270501 a composite number?
True
Is 19845577589 a prime number?
False
Is 14508649817 composite?
False
Is 744970727 prime?
False
Is 482515177 composite?
True
Is 1035207107 composite?
True
Is 5297086403 composite?
True
Is 67114469 prime?
True
Is 2186245871 composite?
False
Is 5700249421 composite?
False
Is 49046572829 a composite number?
False
Is 4141879429 a composite number?
False
Is 202062131 composite?
True
Is 1267152521 composite?
False
Is 407545409 prime?
False
Is 2531256333 a composite number?
True
Is 3031140887 prime?
True
Is 19680468721 a composite number?
True
Is 1541378551 a composite number?
False
Is 2455576349 a composite number?
False
Is 1471822351 prime?
False
Is 74754806429 prime?
True
Is 402315007 a prime number?
True
Is 5001581371 a prime number?
True
Is 1103861257 composite?
False
Is 23945627939 a prime number?
False
Is 11754800029 composite?
True
Is 9340714457 a composite number?
False
Is 13178311151 a composite number?
False
Is 4447450429 a prime number?
True
Is 470035183 prime?
True
Is 52316591531 composite?
False
Is 2240248717 composite?
True
Is 67643440451 a composite number?
True
Is 5613293761 composite?
True
Is 488779933 prime?
False
Is 4986209611 prime?
False
Is 9632293289 a composite number?
True
Is 3183967109 a composite number?
False
Is 7056216919 a composite number?
False
Is 5234373791 composite?
False
Is 37447080997 prime?
True
Is 841138057 a composite number?
True
Is 36884990039 a prime number?
True
Is 1514920471 composite?
False
Is 52825671277 composite?
True
Is 192443233 composite?
False
Is 2238609377 prime?
True
Is 39313103741 a composite number?
False
Is 3414251011 a composite number?
False
Is 144732353 a composite number?
True
Is 98452924117 prime?
False
Is 107429420